{"id":8066,"date":"2019-06-16T13:27:56","date_gmt":"2019-06-16T16:27:56","guid":{"rendered":"http:\/\/playartedesign.com\/jornaldaregiao\/?page_id=8066"},"modified":"2019-06-18T18:26:24","modified_gmt":"2019-06-18T21:26:24","slug":"geral","status":"publish","type":"page","link":"https:\/\/jornaldaregiao.com\/ajustes\/geral\/","title":{"rendered":"GERAL"},"content":{"rendered":"\t\t<div data-elementor-type=\"wp-post\" data-elementor-id=\"8066\" class=\"elementor elementor-8066\">\n\t\t\t\t\t\t<section class=\"elementor-section elementor-top-section elementor-element elementor-element-d643524 elementor-section-boxed elementor-section-height-default elementor-section-height-default\" data-id=\"d643524\" data-element_type=\"section\">\n\t\t\t\t\t\t<div class=\"elementor-container elementor-column-gap-default\">\n\t\t\t\t\t<div class=\"elementor-column elementor-col-50 elementor-top-column elementor-element elementor-element-550a4b9\" data-id=\"550a4b9\" data-element_type=\"column\">\n\t\t\t<div class=\"elementor-widget-wrap\">\n\t\t\t\t\t\t\t<\/div>\n\t\t<\/div>\n\t\t\t\t<div class=\"elementor-column elementor-col-50 elementor-top-column elementor-element elementor-element-a7cbdc3\" data-id=\"a7cbdc3\" data-element_type=\"column\">\n\t\t\t<div class=\"elementor-widget-wrap elementor-element-populated\">\n\t\t\t\t\t\t\t<\/div>\n\t\t<\/div>\n\t\t\t\t\t<\/div>\n\t\t<\/section>\n\t\t\t\t<\/div>\n\t\t","protected":false},"excerpt":{"rendered":"<p>GERAL apagar ap\u00f3s inserir outras not\u00edcias18 de junho de 2019Continue lendo Sal\u00e1rio de prefeitos e secret\u00e1rios em Trajano24 de agosto de 2016A Mesa Diretora da C\u00e2mara de Trajano de Moraes aprovou os subs\u00eddios mensais do prefeito, vice-prefeito e dos secret\u00e1rios municipais para a Legislatura 2017-2020, iniciando em 1\u00ba de janeiro de 2017. O sal\u00e1rio do [&hellip;]<\/p>\n","protected":false},"author":1,"featured_media":0,"parent":0,"menu_order":0,"comment_status":"closed","ping_status":"closed","template":"elementor_header_footer","meta":{"footnotes":""},"class_list":["post-8066","page","type-page","status-publish","hentry"],"_links":{"self":[{"href":"https:\/\/jornaldaregiao.com\/ajustes\/wp-json\/wp\/v2\/pages\/8066","targetHints":{"allow":["GET"]}}],"collection":[{"href":"https:\/\/jornaldaregiao.com\/ajustes\/wp-json\/wp\/v2\/pages"}],"about":[{"href":"https:\/\/jornaldaregiao.com\/ajustes\/wp-json\/wp\/v2\/types\/page"}],"author":[{"embeddable":true,"href":"https:\/\/jornaldaregiao.com\/ajustes\/wp-json\/wp\/v2\/users\/1"}],"replies":[{"embeddable":true,"href":"https:\/\/jornaldaregiao.com\/ajustes\/wp-json\/wp\/v2\/comments?post=8066"}],"version-history":[{"count":2,"href":"https:\/\/jornaldaregiao.com\/ajustes\/wp-json\/wp\/v2\/pages\/8066\/revisions"}],"predecessor-version":[{"id":8276,"href":"https:\/\/jornaldaregiao.com\/ajustes\/wp-json\/wp\/v2\/pages\/8066\/revisions\/8276"}],"wp:attachment":[{"href":"https:\/\/jornaldaregiao.com\/ajustes\/wp-json\/wp\/v2\/media?parent=8066"}],"curies":[{"name":"wp","href":"https:\/\/api.w.org\/{rel}","templated":true}]}}